culate r(41).
-17
Let p(d) = d**3 + 44*d**2 - 87*d - 300. What is p(-46)?
-530
Let y(a) = 793*a + 4845. What is y(-6)?
87
Let x(q) = -71*q**2 - 2864*q + 8593. What is x(3)?
-638
Let f(q) = -2345*q - 119596. Give f(-51).
-1
Let s(n) = -n**3 - 249*n**2 + 1785*n - 3084. Determine s(3).
3
Let a(p) = 86508*p - 605554. Determine a(7).
2
Let g(x) = 761*x - 413985. What is g(544)?
-1
Let a(u) = u**3 + 9*u**2 - 267*u - 3210. Determine a(-10).
-640
Let y(p) = 69461*p + 158579459. Calculate y(-2283).
-4
Let v(x) = 1296*x**3 + x**2 + 217*x - 218. What is v(1)?
1296
Let y(x) = -x**2 - 3262*x - 1832065. Determine y(-721).
-4
Let r(m) = -22*m**2 - 146*m + 1273. Determine r(5).
-7
Let s(y) = 7*y**3 + y - 6. Determine s(-2).
-64
Let f(h) = -429*h**2 + 1498*h + 16. Give f(4).
-856
Let z(f) = -2*f**2 + 3682*f - 234289. Give z(66).
11
Let b(h) = -572*h - 6375. Determine b(-13).
1061
Let r(i) = -2*i**3 + 330*i**2 + 128*i - 21194. Calculate r(165).
-74
Let t(m) = 25*m**3 + 4*m**2 - 12*m + 2. Calculate t(2).
194
Let o(v) = v**2 + 684*v + 6738. What is o(-10)?
-2
Let t(q) = 2*q**3 - 130*q**2 - 7*q + 462. What is t(65)?
7
Let z(a) = -8*a**3 + 34*a**2 - 9*a + 69. Give z(8).
-1923
Let m(n) = -3*n**2 - 866*n - 28970. Determine m(-250).
30
Let v(i) = i**2 + 33519*i - 2048387. Calculate v(61).
-7
Let c(t) = -14*t**2 - 919*t + 823. Determine c(-66).
493
Let x(a) = a**3 - 39*a**2 + 356*a + 162. Calculate x(20).
-318
Let w(n) = -28*n**2 - 435*n + 1341. Give w(-17).
644
Let r(s) = -499*s + 73353. Determine r(147).
0
Let x(v) = -5*v**3 + 32*v**2 + 21625*v + 21592. Determine x(-1).
4
Let l(b) = 5*b**3 + 98*b**2 - 1190*b - 381. Determine l(-28).
11
Let w(t) = 12*t**3 + 35*t**2 + 68*t + 9. Calculate w(-4).
-471
Let i(a) = a**3 + 89*a**2 - 1742*a + 990. Calculate i(16).
-2
Let b(r) = -17*r**2 - 2871*r + 11479. Calculate b(4).
-277
Let u(k) = 2755*k - 50758. What is u(18)?
-1168
Let h(k) = -50*k**2 + 5236*k - 3784. Calculate h(104).
-40
Let t(l) = 16424*l - 12989. Calculate t(1).
3435
Let s(z) = -3*z**2 + 698*z + 11830. Determine s(-17).
-903
Let m(t) = 14*t**2 - 5774*t + 11500. What is m(2)?
8
Let l(r) = r**3 + 8*r**2 + 14859*r + 59397. Determine l(-4).
25
Let c(l) = -l**3 + 300*l**2 - 4273*l - 76967. What is c(284)?
-3
Let j(b) = -b**3 + 29*b**2 + 25*b + 1369. Determine j(31).
222
Let t(a) = -101*a**3 - a**2 + 798*a + 2399. Give t(-3).
2723
Let l(b) = -21*b**3 + 239*b**2 - 48. Give l(11).
920
Let j(l) = 200*l + 21407. What is j(-107)?
7
Let k(a) = -649*a - 11331. Give k(-17).
-298
Let v(x) = x**3 + 632*x**2 - 33371*x + 94. Determine v(49).
-4
Let u(b) = b**3 - 24811*b**2 + 74441*b + 6. Calculate u(3).
57
Let b(q) = -1901*q - 68409. What is b(-36)?
27
Let g(y) = 4206*y - 51348. What is g(12)?
-876
Let x(v) = -6*v**2 - 620*v - 14213. Calculate x(-29).
-1279
Let s(f) = -394*f - 1074. Calculate s(-4).
502
Let d(n) = -2836*n**2 - 235388*n - 45. Determine d(-83).
-45
Let y(i) = -3*i**2 - 18*i + 164. Determine y(-21).
-781
Let h(o) = 777*o - 2310. Give h(3).
21
Let p(i) = 11*i**2 + 742*i - 137. What is p(-67)?
-472
Let j(z) = 6*z**3 + 501*z**2 + 240*z - 399. Determine j(-83).
348
Let x(t) = 15*t**2 + 694*t + 7104. Calculate x(-10).
1664
Let m(k) = -923*k**2 - 485*k + 1415. Calculate m(1).
7
Let z(t) = -164*t - 6874. Calculate z(-42).
14
Let n(z) = 60*z**2 - 44*z + 18. Calculate n(-1).
122
Let s(j) = j**3 - 300*j**2 + 4806*j + 86. Determine s(17).
1
Let b(k) = -25*k**2 - 5704*k - 666. Give b(-228).
246
Let k(g) = -369*g + 19473. Calculate k(53).
-84
Let d(j) = -31009*j - 37737964. Give d(-1217).
-11
Let m(s) = 55594*s - 1667938. Give m(30).
-118
Let f(z) = 88195*z - 11818129. Give f(134).
1
Let o(i) = -i**3 - 15*i**2 - 22*i + 346. Calculate o(-14).
458
Let m(z) = -7*z**2 - 592*z - 62. What is m(-81)?
1963
Let v(g) = 42124*g + 3454177. Give v(-82).
9
Let v(w) = -w**2 + 292*w - 18772. Give v(197).
-57
Let i(y) = -297*y**2 - 43964*y - 1179. Give i(-148).
5
Let t(b) = -2*b**2 - 171*b - 430. Determine t(-79).
597
Let c(j) = j**2 - 341*j - 65490. Determine c(-137).
-4
Let l(q) = 7*q**2 + 131*q + 402. Calculate l(-3).
72
Let b(a) = 648*a - 23346. Give b(36).
-18
Let q(c) = -2523*c + 479378. What is q(190)?
8
Let n(k) = -16530*k + 776919. What is n(47)?
9
Let q(j) = 155976*j + 9982419. What is q(-64)?
-45
Let f(l) = 16235*l - 30197108. Determine f(1860).
-8
Let w(y) = y**3 + 17*y**2 + 43*y - 8. Determine w(-5).
77
Let r(o) = -o**3 - 177*o**2 + 1100*o + 342. Calculate r(-183).
-24
Let p(j) = 11527*j - 32703. What is p(3)?
1878
Let f(d) = 533*d - 17769. Calculate f(41).
4084
Let t(p) = 19707*p - 78814. What is t(4)?
14
Let m(h) = 2*h**3 + 10*h**2 - 133*h + 280. Determine m(5).
115
Let h(j) = 10*j**3 + 3*j**2 - 787*j - 18. What is h(-9)?
18
Let s(j) = 591*j + 103999. Determine s(-176).
-17
Let p(u) = 104742*u - 9426776. Determine p(90).
4
Let i(n) = -45*n**3 + 1639*n**2 - 683*n - 37. What is i(36)?
-1
Let n(b) = 6722*b - 4100412. Give n(610).
8
Let q(g) = -46936*g - 1783587. Determine q(-38).
-19
Let f(a) = -2*a**2 + 329*a - 5919. What is f(19)?
-390
Let m(z) = -14783*z - 842714. Calculate m(-57).
-83
Let b(o) = 1909*o - 13275. Determine b(7).
88
Let s(i) = -8*i**3 + 7*i**2 + 869*i + 1728. What is s(-2)?
82
Let j(n) = 3676*n - 106841. What is j(29)?
-237
Let l(a) = -2*a**3 + 1063*a**2 + 1589*a + 5323. Calculate l(533).
-7
Let k(i) = 11365*i - 602346. What is k(53)?
-1
Let s(l) = 2836*l + 99798. Calculate s(-35).
538
Let r(f) = 163652*f - 1963817. Determine r(12).
7
Let b(c) = -c**3 + 2*c**2 - 454*c + 1837. Determine b(4).
-11
Let f(v) = -v**3 + 26*v**2 - 3408*v + 48639. Determine f(15).
-6
Let w(u) = -1447876*u - 11583006. Calculate w(-8).
2
Let v(j) = j**3 - 56*j**2 - 70*j - 151. What is v(57)?
-892
Let x(g) = 31376*g + 94121. Determine x(-3).
-7
Let j(o) = -3454*o - 1709826. What is j(-495)?
-96
Let j(q) = q**3 - 24*q**2 - 1018*q + 25083. Give j(30).
-57
Let h(m) = 18*m**2 + 115*m - 357. Calculate h(3).
150
Let r(v) = -3526*v - 112899. Give r(-32).
-67
Let k(u) = 1125*u + 22083. Give k(-19).
708
Let x(r) = r**3 + 112*r**2 - 1707*r - 9562. What is x(-125)?
688
Let x(w) = 51262*w - 97. Determine x(0).
-97
Let g(a) = 18*a**3 + 11*a**2 + 78*a - 428. Determine g(4).
1212
Let p(w) = -544*w - 58201. What is p(-107)?
7
Let a(m) = 2*m**2 - 279*m + 2140. What is a(133)?
411
Let n(x) = -2*x**2 + 176*x + 9412. Determine n(-37).
162
Let x(v) = 147651*v - 2067118. Give x(14).
-4
Let f(j) = 42301*j - 634513. Calculate f(15).
2
Let t(c) = -83*c**3 + 989*c**2 + 11*c + 397. Calculate t(12).
-479
Let n(u) = -u**3 - 23*u**2 - 126*u - 1187. Give n(-20).
133
Let x(k) = -7*k**2 - 8395*k + 14419. Determine x(-1201).
7
Let k(o) = -8*o**3 + 3867*o**2 - 1511*o + 29942. Calculate k(483).
-4
Let p(y) = -y**3 + 18*y**2 - 86*y + 31. Calculate p(10).
-29
Let q(a) = -a**3 - 241*a**2 + 18*a - 113725. Calculate q(-243).
-1
Let j(n) = 9*n**3 + 1072*n**2 + 1179*n - 122. Give j(-118).
-4
Let m(u) = -88*u**2 - 614*u + 5342. Calculate m(5).
72
Let m(u) = -161*u + 2753. Give m(15).
338
Let l(f) = -8179*f + 997860. What is l(122)?
22
Let h(s) = 479*s**3 - 2*s**2 + 5690*s - 5689. Give h(1).
478
Let h(d) = -6*d**2 - 1033*d - 14951. Determine h(-16).
41
Let w(q) = 2*q**2 - 135729*q + 407163. What is w(3)?
-6
Let z(l) = -4*l**2 - 11043*l - 1781067. Give z(-172).
-7
Let d(x) = 5*x**3 + 157*x**2 + 56*x - 191. Give d(-31).
-5
Let s(y) = 2747*y**3 - 9*y**2 + 17*y - 6. Give s(1).
2749
Let l(w) = w**2 - 291*w + 237. Calculate l(0).
237
Let j(t) = -52*t**2 - 18*t + 145. What is j(-5)?
-1065
Let m(v) = 492*v - 12577. What is m(25)?
-277
Let z(r) = 15*r**2 + 838*r - 101658. Calculate z(59).
-1
Let w(s) = -s**3 - 162*s**2 - 2515*s + 46142. Give w(-142).
-8
Let b(j) = j**3 - 20*j**2 - 23*j + 112. Give b(21).
70
Let q(g) = -237*g - 2165. Give q(-10).
205
Let o(g) = 3*g**3 + 58*g**2 + 57*g + 2123. Determine o(-20).
183
Let d(i) = 547*i + 5605. Determine d(-12).
-959
Let s(u) = 15*u**2 - 97*u + 376. Determine s(11).
1124
Let d(l) = -1148*l + 216965. Determine d(189).
-7
Let p(q) = -4*q**2 + 762*q - 4782. What is p(184)?
2
Let r(f) = -f**3 + 1143*f**2 - 11266*f - 628. Calculate r(10).
12
Let d(o) = -o**3 - 169*o**2 - 176*o + 53457. Calculate d(-166).
5
Let n(b) = 1025*b + 24. Calculate n(0).
24
Let d(i) = -i**3 + 44*i**2 + 195*i - 9065. Determine d(46)